{"id":2551,"date":"2024-02-09T12:07:10","date_gmt":"2024-02-09T11:07:10","guid":{"rendered":"https:\/\/lienhard-ag.dev.hayloft-it.ch\/produkt\/koerperschall-mikrofon-em-35\/"},"modified":"2024-04-16T08:22:22","modified_gmt":"2024-04-16T06:22:22","slug":"microphone-koerperschall-em-35","status":"publish","type":"product","link":"https:\/\/lienhard-ag.ch\/fr\/produkt\/koerperschall-mikrofon-em-35\/","title":{"rendered":"Microphone \u00e0 bruits de structure EM 35"},"content":{"rendered":"<ul>\n<li>Version en acier inoxydable<\/li>\n<li>c\u00e2ble d'environ 1,3 m avec prise jack 3,5 mm<\/li>\n<li>filetage : M6 ext\u00e9rieur pour diff\u00e9rents adaptateurs<\/li>\n<\/ul>","protected":false},"excerpt":{"rendered":"<p>Version en acier inoxydable C\u00e2ble d'environ 1,3 m avec prise jack 3,5 mm Filetage : M6 Ext\u00e9rieur pour diff\u00e9rents adaptateurs<\/p>","protected":false},"featured_media":3501,"template":"","meta":[],"product_brand":[],"product_cat":[141],"product_tag":[],"class_list":{"0":"post-2551","1":"product","2":"type-product","3":"status-publish","4":"has-post-thumbnail","6":"product_cat-zubehoer","8":"first","9":"instock","10":"shipping-taxable","11":"purchasable","12":"product-type-simple"},"acf":[],"_links":{"self":[{"href":"https:\/\/lienhard-ag.ch\/fr\/wp-json\/wp\/v2\/product\/2551","targetHints":{"allow":["GET"]}}],"collection":[{"href":"https:\/\/lienhard-ag.ch\/fr\/wp-json\/wp\/v2\/product"}],"about":[{"href":"https:\/\/lienhard-ag.ch\/fr\/wp-json\/wp\/v2\/types\/product"}],"wp:featuredmedia":[{"embeddable":true,"href":"https:\/\/lienhard-ag.ch\/fr\/wp-json\/wp\/v2\/media\/3501"}],"wp:attachment":[{"href":"https:\/\/lienhard-ag.ch\/fr\/wp-json\/wp\/v2\/media?parent=2551"}],"wp:term":[{"taxonomy":"product_brand","embeddable":true,"href":"https:\/\/lienhard-ag.ch\/fr\/wp-json\/wp\/v2\/product_brand?post=2551"},{"taxonomy":"product_cat","embeddable":true,"href":"https:\/\/lienhard-ag.ch\/fr\/wp-json\/wp\/v2\/product_cat?post=2551"},{"taxonomy":"product_tag","embeddable":true,"href":"https:\/\/lienhard-ag.ch\/fr\/wp-json\/wp\/v2\/product_tag?post=2551"}],"curies":[{"name":"wp","href":"https:\/\/api.w.org\/{rel}","templated":true}]}}

Microphone à bruits de structure EM 35

<ul>
<li>Version en acier inoxydable</li>
<li>câble d'environ 1,3 m avec prise jack 3,5 mm</li>
<li>filetage : M6 extérieur pour différents adaptateurs</li>
</ul>

<p>Version en acier inoxydable Câble d'environ 1,3 m avec prise jack 3,5 mm Filetage : M6 Extérieur pour différents adaptateurs</p>
